{"id":7,"date":"2013-12-19T21:29:13","date_gmt":"2013-12-19T21:29:13","guid":{"rendered":"http:\/\/bitarteanarteyeducacion.wordpress.com\/?page_id=6"},"modified":"2024-04-07T09:08:30","modified_gmt":"2024-04-07T09:08:30","slug":"quien-somos","status":"publish","type":"page","link":"http:\/\/www.bitartean.org\/?page_id=7","title":{"rendered":"Equipo"},"content":{"rendered":"\n<p><span style=\"text-decoration: underline;\"><strong>Equipo permanente<\/strong><\/span><\/p>\n\n\n\n<p><\/p>\n\n\n\n<div class=\"wp-block-media-text alignwide is-stacked-on-mobile\" style=\"grid-template-columns:19% auto\"><figure class=\"wp-block-media-text__media\"><img loading=\"lazy\" decoding=\"async\" width=\"1024\" height=\"846\" src=\"http:\/\/www.bitartean.org\/wp-content\/uploads\/2019\/07\/IMG_1817-e1564306605192-1024x846.jpg\" alt=\"\" class=\"wp-image-1559 size-full\" srcset=\"http:\/\/www.bitartean.org\/wp-content\/uploads\/2019\/07\/IMG_1817-e1564306605192-1024x846.jpg 1024w, http:\/\/www.bitartean.org\/wp-content\/uploads\/2019\/07\/IMG_1817-e1564306605192-300x248.jpg 300w, http:\/\/www.bitartean.org\/wp-content\/uploads\/2019\/07\/IMG_1817-e1564306605192-768x635.jpg 768w, http:\/\/www.bitartean.org\/wp-content\/uploads\/2019\/07\/IMG_1817-e1564306605192.jpg 1790w\" sizes=\"(max-width: 1024px) 100vw, 1024px\" \/><\/figure><div class=\"wp-block-media-text__content\">\n<p class=\"has-normal-font-size\"><strong>Nerea de Diego&nbsp;&nbsp;<\/strong>(Pamplona-Iru\u00f1ea, 1974)  <br> Co-fundadora de Bitartean \n\n<\/p>\n<\/div><\/div>\n\n\n\n<div class=\"wp-block-columns has-2-columns is-layout-flex wp-container-core-columns-is-layout-1 wp-block-columns-is-layout-flex\">\n<div class=\"wp-block-column is-layout-flow wp-block-column-is-layout-flow\">\n<p><\/p>\n\n\n\n<p>Doctora en Investigaci\u00f3n y Creaci\u00f3n en Arte, licenciada en Bellas Artes por la EHU\/UPV y artista visual. Ha trabajado como educadora en el Museo Jorge Oteiza y ha sido codirectora del Centro de Arte Contempor\u00e1neo de Huarte. <br>Es profesora del \u00e1rea de educaci\u00f3n art\u00edstica en la UPNA<\/p>\n\n\n\n<p><\/p>\n<\/div>\n\n\n\n<div class=\"wp-block-column is-layout-flow wp-block-column-is-layout-flow\"><\/div>\n<\/div>\n\n\n\n<div class=\"wp-block-media-text alignwide is-stacked-on-mobile\" style=\"grid-template-columns:20% auto\"><figure class=\"wp-block-media-text__media\"><img loading=\"lazy\" decoding=\"async\" width=\"1024\" height=\"840\" src=\"http:\/\/www.bitartean.org\/wp-content\/uploads\/2019\/07\/IMG_1804-e1564306663495-1024x840.jpg\" alt=\"\" class=\"wp-image-1557 size-full\" srcset=\"http:\/\/www.bitartean.org\/wp-content\/uploads\/2019\/07\/IMG_1804-e1564306663495-1024x840.jpg 1024w, http:\/\/www.bitartean.org\/wp-content\/uploads\/2019\/07\/IMG_1804-e1564306663495-300x246.jpg 300w, http:\/\/www.bitartean.org\/wp-content\/uploads\/2019\/07\/IMG_1804-e1564306663495-768x630.jpg 768w, http:\/\/www.bitartean.org\/wp-content\/uploads\/2019\/07\/IMG_1804-e1564306663495.jpg 1804w\" sizes=\"(max-width: 1024px) 100vw, 1024px\" \/><\/figure><div class=\"wp-block-media-text__content\">\n<p class=\"has-normal-font-size\"><strong>Jyotima Barrenetxea<\/strong>  (Lizaso-Ultzama, 1980) <br>Miembro de Bitartean  desde 2009 <\/p>\n<\/div><\/div>\n\n\n\n<div class=\"wp-block-columns has-2-columns is-layout-flex wp-container-core-columns-is-layout-2 wp-block-columns-is-layout-flex\">\n<div class=\"wp-block-column is-layout-flow wp-block-column-is-layout-flow\">\n<p><\/p>\n\n\n\n<p>Licenciada en Bellas Artes en la EHU\/UPV. Ha trabajado como profesora de educaci\u00f3n pl\u00e1stica y visual en secundaria y como educadora art\u00edstica en diversas instituciones culturales. Desde 2009 trabaja de pleno en el dise\u00f1o y desarrollo de proyectos para Bitartean (Museo de Navarra, Centro de Arte Contempor\u00e1neo de Huarte, Ayuntamiento de Pamplona&#8230;)<\/p>\n\n\n\n<p><\/p>\n<\/div>\n\n\n\n<div class=\"wp-block-column is-layout-flow wp-block-column-is-layout-flow\">\n<p><\/p>\n<\/div>\n<\/div>\n\n\n\n<p><span style=\"text-decoration: underline;\"><strong>Colaboradoras:&nbsp;<\/strong><\/span><\/p>\n\n\n\n<div class=\"wp-block-columns has-2-columns is-layout-flex wp-container-core-columns-is-layout-3 wp-block-columns-is-layout-flex\">\n<div class=\"wp-block-column is-layout-flow wp-block-column-is-layout-flow\">\n<p><\/p>\n\n\n\n<p><strong>Oihane Mcguinness Armendariz<\/strong><br>(Pamplona-Iru\u00f1ea, 1994)   <\/p>\n\n\n\n<p>M\u00e1ster en Formaci\u00f3n del profesorado de educaci\u00f3n secundaria (EHU\/UPV), M\u00e1ster en Pr\u00e1cticas Art\u00edsticas y Estudios Culturales (EHU-UPNA), M\u00e1ster en Investigaci\u00f3n y Creaci\u00f3n en Arte (EHU\/UPV). Grado en Bellas artes. Artista y profesora asociada de educaci\u00f3n art\u00edstica en la UPNA.<\/p>\n<\/div>\n\n\n\n<div class=\"wp-block-column is-layout-flow wp-block-column-is-layout-flow\">\n<p><br><\/p>\n<\/div>\n<\/div>\n\n\n\n<div class=\"wp-block-columns has-2-columns is-layout-flex wp-container-core-columns-is-layout-5 wp-block-columns-is-layout-flex\">\n<div class=\"wp-block-column is-layout-flow wp-block-column-is-layout-flow\">\n<p><strong>Marta Bidador&nbsp;<\/strong> <br>(Pamplona-Iru\u00f1ea, 1972)<\/p>\n\n\n\n<p>Co-fundadora de Bitartean. <br>Licenciada en Bellas Artes. Ha  trabajado&nbsp;como restauradora&nbsp;art\u00edstica&nbsp;y como&nbsp;profesora asociada de  educaci\u00f3n art\u00edstica en la UPNA e investigadora en el grupo de  investigaci\u00f3n EDARTE de la UPNA. Es profesora de dibujo de Educaci\u00f3n Secundaria. <\/p>\n\n\n\n<p><\/p>\n\n\n\n<p><strong><strong>Betisa Ojanguren<\/strong>&nbsp;<\/strong> <br>(Barakaldo, 1978)<\/p>\n\n\n\n<p>Co-fundadora de Bitartean. <br>Master en Educaci\u00f3n Art\u00edstica: un enfoque construccionista por la UB. <br>Licenciada en Humanidades siguiendo la rama de Gesti\u00f3n Cultural en la UNAV. <br>Ha trabajado como educadora en el Museo Jorge Oteiza y el Artium, Museo de arte contempor\u00e1neo del Pa\u00eds Vasco.  Ha sido codirectora del Centro de Arte Contempor\u00e1neo de Huarte. <br>Es profesora asociada de educaci\u00f3n art\u00edstica en la UPNA y responsable de educaci\u00f3n y Mediaci\u00f3n en el Centro de Arte Contempor\u00e1neo de Huarte.<\/p>\n\n\n\n<p><\/p>\n\n\n\n<p><strong>Ainhoa Artxanko<\/strong>&nbsp;<br>(Pamplona-Iru\u00f1ea,&nbsp;1976)<\/p>\n\n\n\n<p>Co-fundadora de Bitartean. Licenciada en Historia y diplomada en Historia del  arte y en Educaci\u00f3n Primaria. Ha trabajado como educadora en el Museo Jorge  Oteiza, en Artium, Museo de arte contempor\u00e1neo del Pa\u00eds Vasco y Museo del Barrio (New York). Es&nbsp;Maestra, especialista en Educaci\u00f3n art\u00edstica  (pl\u00e1stica), de Educaci\u00f3n primaria. <\/p>\n<\/div>\n\n\n\n<div class=\"wp-block-column is-layout-flow wp-block-column-is-layout-flow\">\n<div class=\"wp-block-columns has-2-columns is-layout-flex wp-container-core-columns-is-layout-4 wp-block-columns-is-layout-flex\">\n<div class=\"wp-block-column is-layout-flow wp-block-column-is-layout-flow\">\n<p><\/p>\n<\/div>\n\n\n\n<div class=\"wp-block-column is-layout-flow wp-block-column-is-layout-flow\">\n<p><\/p>\n<\/div>\n<\/div>\n<\/div>\n<\/div>\n\n\n\n<div class=\"wp-block-columns has-2-columns is-layout-flex wp-container-core-columns-is-layout-6 wp-block-columns-is-layout-flex\">\n<div class=\"wp-block-column is-layout-flow wp-block-column-is-layout-flow\">\n<p><strong>Leire Urbeltz<\/strong><br>(Pamplona-Iru\u00f1ea, 1985)<\/p>\n\n\n\n<p>Licenciada en Bellas Artes, M\u00e1ster en Investigaci\u00f3n y Creaci\u00f3n en Arte por la UPV y t\u00e9cnico en Ilustraci\u00f3n Creativa &nbsp;y Comunicaci\u00f3n Visual en la Escuela Eina-UAB.  Compagina su actividad de ilustradora y artista pl\u00e1stica con la de mediadora art\u00edstica. Ha sido educadora en el Centro de Arte Contempor\u00e1neo de Huarte o en el programa Mudanza del Ayuntamiento de Pamplona. Ha sido profesora asociada en la Universidad P\u00fablica de Navarra. <\/p>\n<\/div>\n\n\n\n<div class=\"wp-block-column is-layout-flow wp-block-column-is-layout-flow\">\n<p><br><br><\/p>\n\n\n\n<p><br><\/p>\n\n\n\n<p><\/p>\n<\/div>\n<\/div>\n\n\n\n<div class=\"wp-block-columns has-2-columns is-layout-flex wp-container-core-columns-is-layout-8 wp-block-columns-is-layout-flex\">\n<div class=\"wp-block-column is-layout-flow wp-block-column-is-layout-flow\">\n<p><\/p>\n\n\n\n<p> <strong>Harri Larunbe Anderson<\/strong><br>(Pamplona-Iru\u00f1ea, 1978)     <\/p>\n\n\n\n<p>Licenciado en Bellas Artes. Ha trabajado como educador en Museo Jorge  Oteiza, en el Centro de Arte Contempor\u00e1neo de Huarte y en el Museo de  Navarra. Tambi\u00e9n como profesor de ingl\u00e9s y de Educaci\u00f3n Secundaria. <br><\/p>\n\n\n\n<p><\/p>\n<\/div>\n\n\n\n<div class=\"wp-block-column is-layout-flow wp-block-column-is-layout-flow\">\n<div class=\"wp-block-columns has-2-columns is-layout-flex wp-container-core-columns-is-layout-7 wp-block-columns-is-layout-flex\">\n<div class=\"wp-block-column is-layout-flow wp-block-column-is-layout-flow\">\n<p><br><\/p>\n<\/div>\n\n\n\n<div class=\"wp-block-column is-layout-flow wp-block-column-is-layout-flow\">\n<p><\/p>\n<\/div>\n<\/div>\n<\/div>\n<\/div>\n","protected":false},"excerpt":{"rendered":"<p>Equipo permanente Nerea de Diego&nbsp;&nbsp;(Pamplona-Iru\u00f1ea, 1974) Co-fundadora de Bitartean Doctora en Investigaci\u00f3n y Creaci\u00f3n en Arte, licenciada en Bellas Artes por la EHU\/UPV y artista visual. Ha trabajado como educadora en el Museo Jorge Oteiza y ha sido codirectora del Centro de Arte Contempor\u00e1neo de Huarte. Es profesora del \u00e1rea de educaci\u00f3n art\u00edstica en la [&hellip;]<\/p>\n","protected":false},"author":1,"featured_media":0,"parent":0,"menu_order":0,"comment_status":"closed","ping_status":"closed","template":"","meta":{"footnotes":""},"_links":{"self":[{"href":"http:\/\/www.bitartean.org\/index.php?rest_route=\/wp\/v2\/pages\/7"}],"collection":[{"href":"http:\/\/www.bitartean.org\/index.php?rest_route=\/wp\/v2\/pages"}],"about":[{"href":"http:\/\/www.bitartean.org\/index.php?rest_route=\/wp\/v2\/types\/page"}],"author":[{"embeddable":true,"href":"http:\/\/www.bitartean.org\/index.php?rest_route=\/wp\/v2\/users\/1"}],"replies":[{"embeddable":true,"href":"http:\/\/www.bitartean.org\/index.php?rest_route=%2Fwp%2Fv2%2Fcomments&post=7"}],"version-history":[{"count":48,"href":"http:\/\/www.bitartean.org\/index.php?rest_route=\/wp\/v2\/pages\/7\/revisions"}],"predecessor-version":[{"id":1721,"href":"http:\/\/www.bitartean.org\/index.php?rest_route=\/wp\/v2\/pages\/7\/revisions\/1721"}],"wp:attachment":[{"href":"http:\/\/www.bitartean.org\/index.php?rest_route=%2Fwp%2Fv2%2Fmedia&parent=7"}],"curies":[{"name":"wp","href":"https:\/\/api.w.org\/{rel}","templated":true}]}}

<p><span style="text-decoration: underline;"><strong>Equipo permanente</strong></span></p>



<p></p>



<div class="wp-block-media-text alignwide is-stacked-on-mobile" style="grid-template-columns:19% auto"><figure class="wp-block-media-text__media"><img loading="lazy" decoding="async" width="1024" height="846" src="http://www.bitartean.org/wp-content/uploads/2019/07/IMG_1817-e1564306605192-1024x846.jpg" alt="" class="wp-image-1559 size-full" srcset="http://www.bitartean.org/wp-content/uploads/2019/07/IMG_1817-e1564306605192-1024x846.jpg 1024w, http://www.bitartean.org/wp-content/uploads/2019/07/IMG_1817-e1564306605192-300x248.jpg 300w, http://www.bitartean.org/wp-content/uploads/2019/07/IMG_1817-e1564306605192-768x635.jpg 768w, http://www.bitartean.org/wp-content/uploads/2019/07/IMG_1817-e1564306605192.jpg 1790w" sizes="(max-width: 1024px) 100vw, 1024px" /></figure><div class="wp-block-media-text__content">
<p class="has-normal-font-size"><strong>Nerea de Diego&nbsp;&nbsp;</strong>(Pamplona-Iruñea, 1974)  <br> Co-fundadora de Bitartean 

</p>
</div></div>



<div class="wp-block-columns has-2-columns is-layout-flex wp-container-core-columns-is-layout-1 wp-block-columns-is-layout-flex">
<div class="wp-block-column is-layout-flow wp-block-column-is-layout-flow">
<p></p>



<p>Doctora en Investigación y Creación en Arte, licenciada en Bellas Artes por la EHU/UPV y artista visual. Ha trabajado como educadora en el Museo Jorge Oteiza y ha sido codirectora del Centro de Arte Contemporáneo de Huarte. <br>Es profesora del área de educación artística en la UPNA</p>



<p></p>
</div>



<div class="wp-block-column is-layout-flow wp-block-column-is-layout-flow"></div>
</div>



<div class="wp-block-media-text alignwide is-stacked-on-mobile" style="grid-template-columns:20% auto"><figure class="wp-block-media-text__media"><img loading="lazy" decoding="async" width="1024" height="840" src="http://www.bitartean.org/wp-content/uploads/2019/07/IMG_1804-e1564306663495-1024x840.jpg" alt="" class="wp-image-1557 size-full" srcset="http://www.bitartean.org/wp-content/uploads/2019/07/IMG_1804-e1564306663495-1024x840.jpg 1024w, http://www.bitartean.org/wp-content/uploads/2019/07/IMG_1804-e1564306663495-300x246.jpg 300w, http://www.bitartean.org/wp-content/uploads/2019/07/IMG_1804-e1564306663495-768x630.jpg 768w, http://www.bitartean.org/wp-content/uploads/2019/07/IMG_1804-e1564306663495.jpg 1804w" sizes="(max-width: 1024px) 100vw, 1024px" /></figure><div class="wp-block-media-text__content">
<p class="has-normal-font-size"><strong>Jyotima Barrenetxea</strong>  (Lizaso-Ultzama, 1980) <br>Miembro de Bitartean  desde 2009 </p>
</div></div>



<div class="wp-block-columns has-2-columns is-layout-flex wp-container-core-columns-is-layout-2 wp-block-columns-is-layout-flex">
<div class="wp-block-column is-layout-flow wp-block-column-is-layout-flow">
<p></p>



<p>Licenciada en Bellas Artes en la EHU/UPV. Ha trabajado como profesora de educación plástica y visual en secundaria y como educadora artística en diversas instituciones culturales. Desde 2009 trabaja de pleno en el diseño y desarrollo de proyectos para Bitartean (Museo de Navarra, Centro de Arte Contemporáneo de Huarte, Ayuntamiento de Pamplona&#8230;)</p>



<p></p>
</div>



<div class="wp-block-column is-layout-flow wp-block-column-is-layout-flow">
<p></p>
</div>
</div>



<p><span style="text-decoration: underline;"><strong>Colaboradoras:&nbsp;</strong></span></p>



<div class="wp-block-columns has-2-columns is-layout-flex wp-container-core-columns-is-layout-3 wp-block-columns-is-layout-flex">
<div class="wp-block-column is-layout-flow wp-block-column-is-layout-flow">
<p></p>



<p><strong>Oihane Mcguinness Armendariz</strong><br>(Pamplona-Iruñea, 1994)   </p>



<p>Máster en Formación del profesorado de educación secundaria (EHU/UPV), Máster en Prácticas Artísticas y Estudios Culturales (EHU-UPNA), Máster en Investigación y Creación en Arte (EHU/UPV). Grado en Bellas artes. Artista y profesora asociada de educación artística en la UPNA.</p>
</div>



<div class="wp-block-column is-layout-flow wp-block-column-is-layout-flow">
<p><br></p>
</div>
</div>



<div class="wp-block-columns has-2-columns is-layout-flex wp-container-core-columns-is-layout-5 wp-block-columns-is-layout-flex">
<div class="wp-block-column is-layout-flow wp-block-column-is-layout-flow">
<p><strong>Marta Bidador&nbsp;</strong> <br>(Pamplona-Iruñea, 1972)</p>



<p>Co-fundadora de Bitartean. <br>Licenciada en Bellas Artes. Ha  trabajado&nbsp;como restauradora&nbsp;artística&nbsp;y como&nbsp;profesora asociada de  educación artística en la UPNA e investigadora en el grupo de  investigación EDARTE de la UPNA. Es profesora de dibujo de Educación Secundaria. </p>



<p></p>



<p><strong><strong>Betisa Ojanguren</strong>&nbsp;</strong> <br>(Barakaldo, 1978)</p>



<p>Co-fundadora de Bitartean. <br>Master en Educación Artística: un enfoque construccionista por la UB. <br>Licenciada en Humanidades siguiendo la rama de Gestión Cultural en la UNAV. <br>Ha trabajado como educadora en el Museo Jorge Oteiza y el Artium, Museo de arte contemporáneo del País Vasco.  Ha sido codirectora del Centro de Arte Contemporáneo de Huarte. <br>Es profesora asociada de educación artística en la UPNA y responsable de educación y Mediación en el Centro de Arte Contemporáneo de Huarte.</p>



<p></p>



<p><strong>Ainhoa Artxanko</strong>&nbsp;<br>(Pamplona-Iruñea,&nbsp;1976)</p>



<p>Co-fundadora de Bitartean. Licenciada en Historia y diplomada en Historia del  arte y en Educación Primaria. Ha trabajado como educadora en el Museo Jorge  Oteiza, en Artium, Museo de arte contemporáneo del País Vasco y Museo del Barrio (New York). Es&nbsp;Maestra, especialista en Educación artística  (plástica), de Educación primaria. </p>
</div>



<div class="wp-block-column is-layout-flow wp-block-column-is-layout-flow">
<div class="wp-block-columns has-2-columns is-layout-flex wp-container-core-columns-is-layout-4 wp-block-columns-is-layout-flex">
<div class="wp-block-column is-layout-flow wp-block-column-is-layout-flow">
<p></p>
</div>



<div class="wp-block-column is-layout-flow wp-block-column-is-layout-flow">
<p></p>
</div>
</div>
</div>
</div>



<div class="wp-block-columns has-2-columns is-layout-flex wp-container-core-columns-is-layout-6 wp-block-columns-is-layout-flex">
<div class="wp-block-column is-layout-flow wp-block-column-is-layout-flow">
<p><strong>Leire Urbeltz</strong><br>(Pamplona-Iruñea, 1985)</p>



<p>Licenciada en Bellas Artes, Máster en Investigación y Creación en Arte por la UPV y técnico en Ilustración Creativa &nbsp;y Comunicación Visual en la Escuela Eina-UAB.  Compagina su actividad de ilustradora y artista plástica con la de mediadora artística. Ha sido educadora en el Centro de Arte Contemporáneo de Huarte o en el programa Mudanza del Ayuntamiento de Pamplona. Ha sido profesora asociada en la Universidad Pública de Navarra. </p>
</div>



<div class="wp-block-column is-layout-flow wp-block-column-is-layout-flow">
<p><br><br></p>



<p><br></p>



<p></p>
</div>
</div>



<div class="wp-block-columns has-2-columns is-layout-flex wp-container-core-columns-is-layout-8 wp-block-columns-is-layout-flex">
<div class="wp-block-column is-layout-flow wp-block-column-is-layout-flow">
<p></p>



<p> <strong>Harri Larunbe Anderson</strong><br>(Pamplona-Iruñea, 1978)     </p>



<p>Licenciado en Bellas Artes. Ha trabajado como educador en Museo Jorge  Oteiza, en el Centro de Arte Contemporáneo de Huarte y en el Museo de  Navarra. También como profesor de inglés y de Educación Secundaria. <br></p>



<p></p>
</div>



<div class="wp-block-column is-layout-flow wp-block-column-is-layout-flow">
<div class="wp-block-columns has-2-columns is-layout-flex wp-container-core-columns-is-layout-7 wp-block-columns-is-layout-flex">
<div class="wp-block-column is-layout-flow wp-block-column-is-layout-flow">
<p><br></p>
</div>



<div class="wp-block-column is-layout-flow wp-block-column-is-layout-flow">
<p></p>
</div>
</div>
</div>
</div>

<p>Equipo permanente Nerea de Diego&nbsp;&nbsp;(Pamplona-Iruñea, 1974) Co-fundadora de Bitartean Doctora en Investigación y Creación en Arte, licenciada en Bellas Artes por la EHU/UPV y artista visual. Ha trabajado como educadora en el Museo Jorge Oteiza y ha sido codirectora del Centro de Arte Contemporáneo de Huarte. Es profesora del área de educación artística en la [&hellip;]</p>
